{"id":3079,"date":"2019-05-06T13:29:05","date_gmt":"2019-05-06T13:29:05","guid":{"rendered":"https:\/\/tecnovip.com\/?page_id=3079"},"modified":"2019-09-17T13:47:35","modified_gmt":"2019-09-17T13:47:35","slug":"servicos","status":"publish","type":"page","link":"https:\/\/tecnovip.com\/?page_id=3079","title":{"rendered":"SERVI\u00c7OS"},"content":{"rendered":"<p>[vc_row rt_row_background_width=&#8221;default&#8221; rt_row_style=&#8221;default-style&#8221; rt_row_borders=&#8221;&#8221; rt_row_paddings=&#8221;true&#8221; rt_bg_effect=&#8221;classic&#8221; rt_bg_image_repeat=&#8221;repeat&#8221; rt_bg_size=&#8221;cover&#8221; rt_bg_position=&#8221;right top&#8221; rt_bg_attachment=&#8221;scroll&#8221; rt_bg_video_format=&#8221;self-hosted&#8221;][vc_column rt_wrp_col_paddings=&#8221;false&#8221; rt_border_top=&#8221;&#8221; rt_border_bottom=&#8221;&#8221; rt_border_left=&#8221;&#8221; rt_border_right=&#8221;&#8221; rt_border_top_mobile=&#8221;&#8221; rt_border_bottom_mobile=&#8221;&#8221; rt_border_left_mobile=&#8221;&#8221; rt_border_right_mobile=&#8221;&#8221; rt_bg_image_repeat=&#8221;repeat&#8221; rt_bg_size=&#8221;auto auto&#8221; rt_bg_position=&#8221;right top&#8221; rt_bg_attachment=&#8221;scroll&#8221;][vc_column_text]<\/p>\n<div class=\"content_row row vc_row wpb_row default-style default\">\n<div class=\"content_row_wrapper \">\n<div class=\"vc_col-sm-12 wpb_column vc_column_container\">\n<div class=\"wpb_wrapper\">\n<div class=\"wpb_text_column wpb_content_element wpb_animate_when_almost_visible wpb_bounceInDown bounceInDown wpb_start_animation animated\">\n<div class=\"wpb_wrapper\">\n<h3 style=\"text-align: center;\">A TECNOVIP oferece aos seus clientes uma ampla gama de servi\u00e7os na \u00e1rea de Instrumenta\u00e7\u00e3o:<\/h3>\n<p style=\"text-align: center;\">ESCOPO DE CALIBRA\u00c7\u00d5ES ACREDITADAS REALIZADAS PELA TECNOVIP<\/p>\n<\/div>\n<\/div>\n<\/div>\n<\/div>\n<\/div>\n<\/div>\n<div class=\"content_row row vc_row wpb_row default-style default\">\n<div class=\"content_row_wrapper \">\n<div class=\"vc_col-sm-12 wpb_column vc_column_container\">\n<div class=\"wpb_wrapper\">\n<div class=\"wpb_text_column wpb_content_element \">\n<div class=\"wpb_wrapper\">\n<p><span style=\"color: #ff0000;\"><strong><u>\u2013 LABORAT\u00d3RIO DE CALIBRA\u00c7\u00c3O TECNOVIP<\/u><\/strong><\/span><\/p>\n<ul>\n<li><strong>Calibra\u00e7\u00f5es Acreditada em Temperatura e Umidade, executadas nas instala\u00e7\u00f5es permanentes e nas instala\u00e7\u00f5es do cliente.<\/strong><\/li>\n<li><strong>Abaixo segue o link do nosso Escopo de Servi\u00e7os Acreditados:<\/strong><\/li>\n<\/ul>\n<p><a href=\"http:\/\/www.oconsumidor.gov.br\/laboratorios\/rbc\/detalhe_laboratorio.asp?num_certificado=578&amp;situacao=AT&amp;area=TEMPERATURA%20E%20UMIDADE\"><img loading=\"lazy\" decoding=\"async\" class=\"alignnone size-full wp-image-3022\" src=\"https:\/\/tecnovip.com\/wp-content\/uploads\/2019\/05\/img_servicos.png\" alt=\"\" width=\"130\" height=\"217\" \/><\/a><\/p>\n<p><img loading=\"lazy\" decoding=\"async\" class=\"alignnone size-full wp-image-3082\" src=\"https:\/\/www.oraculosites.com.br\/wp-content\/uploads\/2019\/05\/20171128_121904.jpg\" alt=\"\" width=\"700\" height=\"394\" srcset=\"https:\/\/tecnovip.com\/wp-content\/uploads\/2019\/05\/20171128_121904.jpg 700w, https:\/\/tecnovip.com\/wp-content\/uploads\/2019\/05\/20171128_121904-300x169.jpg 300w\" sizes=\"auto, (max-width: 700px) 100vw, 700px\" \/><\/p>\n<p><span style=\"color: #ff0000;\"><strong><u>\u2013 SERVI\u00c7OS DE QUALIFICA\u00c7\u00c3O T\u00c9RMICA<\/u><\/strong><\/span><\/p>\n<ul>\n<li><strong>A Tecnovip executa servi\u00e7os de Qualifica\u00e7\u00e3o T\u00e9rmica em Equipamentos, C\u00e2maras, \u00c1reas Controladas, Laborat\u00f3rios, Armaz\u00e9ns e Caminh\u00f5es Refrigerados.<\/strong><\/li>\n<li><strong>Elabora\u00e7\u00e3o de Protocolos e Relat\u00f3rios de QI, QO, QD, atendo aos requisitos dos RDC\u2019s \u2013 ANVISA.<\/strong><\/li>\n<li><strong>Utiliza\u00e7\u00e3o de Data Loggers e Sistema de Medi\u00e7\u00e3o Automatizado, para monitoramento e coletada das medi\u00e7\u00f5es.<\/strong><\/li>\n<\/ul>\n<p><img loading=\"lazy\" decoding=\"async\" class=\"alignnone size-full wp-image-3083\" src=\"https:\/\/www.oraculosites.com.br\/wp-content\/uploads\/2019\/05\/02.jpg\" alt=\"\" width=\"600\" height=\"177\" srcset=\"https:\/\/tecnovip.com\/wp-content\/uploads\/2019\/05\/02.jpg 600w, https:\/\/tecnovip.com\/wp-content\/uploads\/2019\/05\/02-300x89.jpg 300w\" sizes=\"auto, (max-width: 600px) 100vw, 600px\" \/><\/p>\n<p><span style=\"color: #ff0000;\"><strong><u>\u2013 CONTRATOS E GERENCIAMENTO DE SERVI\u00c7OS E CALIBRA\u00c7\u00c3O<\/u><\/strong><\/span><\/p>\n<ul>\n<li><strong>A Tecnovip oferece a seus clientes a modalidade de Contrato e Gerenciamento de Calibra\u00e7\u00f5es, onde podem estar inclusos:<\/strong><\/li>\n<li><strong>Contrato incluindo execu\u00e7\u00e3o de todas as calibra\u00e7\u00f5es, qualifica\u00e7\u00f5es e manuten\u00e7\u00f5es preventivas,<\/strong><\/li>\n<li><strong>Gerenciamento das calibra\u00e7\u00f5es e da documenta\u00e7\u00e3o, cronograma e periodicidades,<\/strong><\/li>\n<li><strong>Profissional fixo no cliente, para execu\u00e7\u00e3o di\u00e1ria das atividades.<\/strong><\/li>\n<li><strong>Valor mensal fixo pelo per\u00edodo do contrato;<\/strong><\/li>\n<\/ul>\n<p><img loading=\"lazy\" decoding=\"async\" class=\"alignnone size-full wp-image-3084\" src=\"https:\/\/www.oraculosites.com.br\/wp-content\/uploads\/2019\/05\/12.jpg\" alt=\"\" width=\"506\" height=\"275\" srcset=\"https:\/\/tecnovip.com\/wp-content\/uploads\/2019\/05\/12.jpg 506w, https:\/\/tecnovip.com\/wp-content\/uploads\/2019\/05\/12-300x163.jpg 300w\" sizes=\"auto, (max-width: 506px) 100vw, 506px\" \/><\/p>\n<\/div>\n<\/div>\n<\/div>\n<\/div>\n<\/div>\n<\/div>\n<p>[\/vc_column_text][\/vc_column][\/vc_row][vc_row rt_row_background_width=&#8221;default&#8221; rt_row_style=&#8221;default-style&#8221; rt_row_borders=&#8221;&#8221; rt_row_paddings=&#8221;true&#8221; rt_bg_effect=&#8221;classic&#8221; rt_bg_image_repeat=&#8221;repeat&#8221; rt_bg_size=&#8221;cover&#8221; rt_bg_position=&#8221;right top&#8221; rt_bg_attachment=&#8221;scroll&#8221; rt_bg_video_format=&#8221;self-hosted&#8221;][vc_column rt_wrp_col_paddings=&#8221;false&#8221; rt_border_top=&#8221;&#8221; rt_border_bottom=&#8221;&#8221; rt_border_left=&#8221;&#8221; rt_border_right=&#8221;&#8221; rt_border_top_mobile=&#8221;&#8221; rt_border_bottom_mobile=&#8221;&#8221; rt_border_left_mobile=&#8221;&#8221; rt_border_right_mobile=&#8221;&#8221; rt_bg_image_repeat=&#8221;repeat&#8221; rt_bg_size=&#8221;auto auto&#8221; rt_bg_position=&#8221;right top&#8221; rt_bg_attachment=&#8221;scroll&#8221;][vc_tta_accordion][vc_tta_section title=&#8221;RELA\u00c7\u00c3O COMPLETA DOS SERVI\u00c7OS DE CALIBRA\u00c7\u00c3O DA TECNOVIP&#8221; tab_id=&#8221;1557154881246-991bb752-4bd2&#8243;][vc_column_text]<\/p>\n\n\t<div class=\"col col-xs-12 col-sm-6\">\n\t\t\t\nAnem\u00f4metro (Velocidade do Vento)<br \/>\nAtividade de \u00c1gua<br \/>\nBaf\u00f4metro (Etil\u00f4metro)<br \/>\nBalan\u00e7a Industrial<br \/>\nBalan\u00e7a Semi Analitica<br \/>\nBalan\u00e7a Analitica<br \/>\nBalan\u00e7a de Umidade<br \/>\nBal\u00e3o Volumetrico<br \/>\nBar\u00f4metro<br \/>\nBloco Padr\u00e3o<br \/>\nBomba de Amostragem<br \/>\nBureta Digital<br \/>\nBureta Vidro<br \/>\nCalibrador Digital Multi Fun\u00e7\u00e3o<br \/>\nCalibrador Acustico<br \/>\nColorimetros<br \/>\nColuna Manom\u00e9trica<br \/>\nCondutividade<br \/>\nControlador de Press\u00e3o<br \/>\nCalibrador de Corrente<br \/>\nCron\u00f4metros<br \/>\nDecibel\u00edmetro<br \/>\nDensimetro<br \/>\nDetector ou Analisador de Gas LEL \u2013 CH4 \u2013 (Metano \u2013 1 Ponto)<br \/>\nDetector ou Analisador de Gas \u2013 CO2 \u2013 (Dioxido de Carbono \u2013 1 Ponto)<br \/>\nDetector ou Analisador de Gas \u2013 CO2 \u2013 (Dioxido de Carbono \u2013 2 pontos)<br \/>\nDetector ou Analisador de Gas \u2013 H2S (Sulfeto de Hidrogenio 1 Ponto)<br \/>\nDetector ou Analisador de Gas \u2013 CO (Mon\u00f3xido de Carbono \u2013 1 Ponto)<br \/>\nDetector ou Analisador de Gas \u2013 CO (Mon\u00f3xido de Carbono \u2013 2 Pontos)<br \/>\nDetector ou Analisador de Gas \u2013 NOx \u2013 (Oxido de nitrogenio \u2013 1 Ponto (utilizando NO)<br \/>\nDetector de Gas \u2013 O2 e CO \u2013 (Oxigenio e Gas Carbonico \u2013 4 Pontos)<br \/>\nDetector ou Analisador de Gas O2 (Oxig\u00eanio \u2013 1 Ponto (Ar ou dissolvido)<br \/>\nDetector ou Analisador de Gas O2 (Oxig\u00eanio \u2013 2 Pontos (Ar ou dissolvido)<br \/>\nDetector ou Analisador de Gases \u2013 04 Gases (O2 \/ CO \/ H2S \/ LEL)<br \/>\nDetector ou Analisador de Gas \u2013 NO2 (Dioxido de Nitrog\u00eanio \u2013 1 Ponto)<br \/>\nDetector ou Analisador de Gas \u2013 SO2 (Dioxido de Enxofre 1 Ponto)<br \/>\nDetector de Gas VOC (1 ponto)<\/p>\n<p><img loading=\"lazy\" decoding=\"async\" class=\"alignnone size-full wp-image-3087\" src=\"https:\/\/www.oraculosites.com.br\/wp-content\/uploads\/2019\/05\/03.jpg\" alt=\"\" width=\"425\" height=\"190\" srcset=\"https:\/\/tecnovip.com\/wp-content\/uploads\/2019\/05\/03.jpg 425w, https:\/\/tecnovip.com\/wp-content\/uploads\/2019\/05\/03-300x134.jpg 300w\" sizes=\"auto, (max-width: 425px) 100vw, 425px\" \/><br \/>\n\n\t<\/div>\n\n\n\t<div class=\"col col-xs-12 col-sm-6\">\n\t\t\t\nDinamometro<br \/>\nDos\u00edmetro de Ru\u00eddo<br \/>\nEletrodo de ORP<br \/>\nEscalas<br \/>\nEsta\u00e7\u00e3o Meteorologica (Temp\/Umid\/Press\u00e3o\/Veloc. Vento)<br \/>\nEspectofotometro (HACH DR\/3900)<br \/>\nHidr\u00f4metro<br \/>\nIndicador de RPM<br \/>\nLuximetro<br \/>\nMan\u00f4metro<br \/>\nMedidor de Fluor<br \/>\nMedidores de Vaz\u00e3o de L\u00edquidos<br \/>\nMedidores de Vaz\u00e3o de Gases<br \/>\nMedidor de Umidade em Madeira<br \/>\nMedidor de Espessura<br \/>\nMedidor de Vibra\u00e7\u00e3o<br \/>\nMedidor de Velocidade \u2013 RPM<br \/>\nMicro-Man\u00f4metro<br \/>\nMicrometro<br \/>\nPaquimetro<br \/>\nPicnometro<br \/>\nPipetas<br \/>\nPhmetro<br \/>\nPeso Padr\u00e3o<br \/>\nPipetas<br \/>\nPir\u00f4metro \u00d3ptico<br \/>\nPonto de Orvalho<br \/>\nPress\u00e3o Barom\u00e9trica<br \/>\nPressostato<br \/>\nProvetas<br \/>\nRefrat\u00f4metro<br \/>\nRot\u00e2metros<br \/>\nSalin\u00f4metro<br \/>\nTac\u00f4metro<br \/>\nTemporizador<br \/>\nTerm\u00f4metro Infra-vermelho<br \/>\nTermo-Anemometro<br \/>\nTrenas<br \/>\nTransmissor de Press\u00e3o<br \/>\nTurbidimetros<br \/>\nVacuometro<br \/>\n\n\t<\/div>\n\n<p>[\/vc_column_text][\/vc_tta_section][vc_tta_section title=&#8221;OUTROS SERVI\u00c7OS REALIZADOS PELA TECNOVIP&#8221; tab_id=&#8221;1557154881272-d3985850-b2cd&#8221;][vc_column_text]<strong>&#8211; Assist\u00eancia T\u00e9cnica<\/strong><\/p>\n<p><strong>&#8211; Consultoria<\/strong><\/p>\n<p><strong>&#8211; Instala\u00e7\u00e3o de Instrumentos de Medi\u00e7\u00e3o<\/strong><\/p>\n<p><strong>&#8211; Ensaios e Medi\u00e7\u00f5es<\/strong><\/p>\n<p><strong>&#8211; Loca\u00e7\u00e3o de Instrumentos de Medi\u00e7\u00e3o<\/strong><\/p>\n<p><strong>&#8211; Laudos T\u00e9cnicos<\/strong><\/p>\n<p><strong>&#8211; Cursos e Treinamentos<\/strong>[\/vc_column_text][\/vc_tta_section][\/vc_tta_accordion][\/vc_column][\/vc_row]<\/p>\n","protected":false},"excerpt":{"rendered":"<p>[vc_row rt_row_background_width=&#8221;default&#8221; rt_row_style=&#8221;default-style&#8221; rt_row_borders=&#8221;&#8221; rt_row_paddings=&#8221;true&#8221; rt_bg_effect=&#8221;classic&#8221; rt_bg_image_repeat=&#8221;repeat&#8221; rt_bg_size=&#8221;cover&#8221; rt_bg_position=&#8221;right top&#8221; rt_bg_attachment=&#8221;scroll&#8221; rt_bg_video_format=&#8221;self-hosted&#8221;][vc_column rt_wrp_col_paddings=&#8221;false&#8221; rt_border_top=&#8221;&#8221; rt_border_bottom=&#8221;&#8221; rt_border_left=&#8221;&#8221; rt_border_right=&#8221;&#8221; rt_border_top_mobile=&#8221;&#8221; rt_border_bottom_mobile=&#8221;&#8221; rt_border_left_mobile=&#8221;&#8221; rt_border_right_mobile=&#8221;&#8221; rt_bg_image_repeat=&#8221;repeat&#8221; rt_bg_size=&#8221;auto auto&#8221; rt_bg_position=&#8221;right top&#8221; rt_bg_attachment=&#8221;scroll&#8221;][vc_column_text] A TECNOVIP oferece aos seus clientes uma ampla gama de servi\u00e7os na \u00e1rea de Instrumenta\u00e7\u00e3o: ESCOPO DE CALIBRA\u00c7\u00d5ES ACREDITADAS REALIZADAS PELA TECNOVIP \u2013 LABORAT\u00d3RIO DE CALIBRA\u00c7\u00c3O TECNOVIP Calibra\u00e7\u00f5es [&hellip;]<\/p>\n","protected":false},"author":1,"featured_media":0,"parent":0,"menu_order":0,"comment_status":"closed","ping_status":"closed","template":"","meta":{"footnotes":""},"class_list":["post-3079","page","type-page","status-publish","hentry"],"_links":{"self":[{"href":"https:\/\/tecnovip.com\/index.php?rest_route=\/wp\/v2\/pages\/3079","targetHints":{"allow":["GET"]}}],"collection":[{"href":"https:\/\/tecnovip.com\/index.php?rest_route=\/wp\/v2\/pages"}],"about":[{"href":"https:\/\/tecnovip.com\/index.php?rest_route=\/wp\/v2\/types\/page"}],"author":[{"embeddable":true,"href":"https:\/\/tecnovip.com\/index.php?rest_route=\/wp\/v2\/users\/1"}],"replies":[{"embeddable":true,"href":"https:\/\/tecnovip.com\/index.php?rest_route=%2Fwp%2Fv2%2Fcomments&post=3079"}],"version-history":[{"count":8,"href":"https:\/\/tecnovip.com\/index.php?rest_route=\/wp\/v2\/pages\/3079\/revisions"}],"predecessor-version":[{"id":3700,"href":"https:\/\/tecnovip.com\/index.php?rest_route=\/wp\/v2\/pages\/3079\/revisions\/3700"}],"wp:attachment":[{"href":"https:\/\/tecnovip.com\/index.php?rest_route=%2Fwp%2Fv2%2Fmedia&parent=3079"}],"curies":[{"name":"wp","href":"https:\/\/api.w.org\/{rel}","templated":true}]}}