{"id":2554,"date":"2015-02-21T15:33:43","date_gmt":"2015-02-21T15:33:43","guid":{"rendered":"http:\/\/rttheme19.rtthemes.com\/?page_id=2554"},"modified":"2023-07-10T18:45:49","modified_gmt":"2023-07-10T18:45:49","slug":"home-page-4","status":"publish","type":"page","link":"https:\/\/tecnovip.com\/","title":{"rendered":"HOME"},"content":{"rendered":"<p>[vc_row rt_row_background_width=&#8221;fullwidth&#8221; rt_row_content_width=&#8221;fullwidth&#8221; rt_row_style=&#8221;light-style&#8221; rt_row_borders=&#8221;&#8221; rt_row_paddings=&#8221;false&#8221; rt_bg_effect=&#8221;classic&#8221; rt_bg_image_repeat=&#8221;repeat&#8221; rt_bg_size=&#8221;cover&#8221; rt_bg_position=&#8221;right top&#8221; rt_bg_attachment=&#8221;scroll&#8221; rt_bg_video_format=&#8221;self-hosted&#8221;][vc_column rt_wrp_col_paddings=&#8221;false&#8221; rt_border_top=&#8221;&#8221; rt_border_bottom=&#8221;&#8221; rt_border_left=&#8221;&#8221; rt_border_right=&#8221;&#8221; rt_border_top_mobile=&#8221;&#8221; rt_border_bottom_mobile=&#8221;&#8221; rt_border_left_mobile=&#8221;&#8221; rt_border_right_mobile=&#8221;&#8221; rt_bg_image_repeat=&#8221;repeat&#8221; rt_bg_size=&#8221;auto auto&#8221; rt_bg_position=&#8221;right top&#8221; rt_bg_attachment=&#8221;scroll&#8221;][rev_slider_vc alias=&#8221;rt19-demo-9-sample&#8221;][\/vc_column][\/vc_row][vc_row rt_row_background_width=&#8221;fullwidth&#8221; rt_row_content_width=&#8221;default&#8221; rt_row_style=&#8221;default-style&#8221; rt_row_borders=&#8221;bottom&#8221; rt_row_paddings=&#8221;true&#8221; rt_bg_effect=&#8221;parallax&#8221; rt_bg_parallax_effect=&#8221;1&#8243; rt_bg_image_repeat=&#8221;repeat&#8221; rt_bg_size=&#8221;auto auto&#8221; rt_bg_position=&#8221;right top&#8221; rt_bg_video_format=&#8221;self-hosted&#8221; rt_row_width=&#8221;default&#8221; rt_row_placement=&#8221;true&#8221;][vc_column rt_wrp_col_paddings=&#8221;false&#8221; rt_border_top=&#8221;&#8221; rt_border_bottom=&#8221;&#8221; rt_border_left=&#8221;&#8221; rt_border_right=&#8221;&#8221; rt_border_top_mobile=&#8221;&#8221; rt_border_bottom_mobile=&#8221;&#8221; rt_border_left_mobile=&#8221;&#8221; rt_border_right_mobile=&#8221;&#8221; rt_bg_image_repeat=&#8221;repeat&#8221; rt_bg_size=&#8221;auto auto&#8221; rt_bg_position=&#8221;right top&#8221; rt_bg_attachment=&#8221;scroll&#8221;]\n\t\t\t\t<div  class=\"banner withbutton clearfix\" data-rt-animate=\"animate\" data-rt-animation-type=\"fadeIn\" data-rt-animation-group=\"single\" >\n\t\t\t\t\t<div class=\"featured_text\">\n\t\t\t\t\t\t<h4>\u00c1REA EXCLUSIVA PARA CLIENTES TECNOVIP, CLIQUE AO LADO!<\/h4>\n\n\t\t\t\t\t<\/div>\n\t\t\t\t\t<div class=\"button_holder\"><div>\n\t\t\t<div class=\"button_wrapper \"><a  href=\"https:\/\/tecnovip.com\/clientes\/index.php\" target=\"_blank\" title=\"\u00c1REA DO CLIENTE\" class=\"button_  color medium\"><span class=\"icon-new-attach-1\"><\/span>\u00c1REA DO CLIENTE<\/a><\/div>\n\t\t<\/div><\/div>\t\t\t\t\n\t\t\t\t<\/div>\n\t\t\t[\/vc_column][\/vc_row][vc_row rt_row_background_width=&#8221;fullwidth&#8221; rt_row_content_width=&#8221;default&#8221; rt_row_style=&#8221;alt-style-1&#8243; rt_row_borders=&#8221;&#8221; rt_grid=&#8221;true&#8221; rt_row_paddings=&#8221;true&#8221; rt_bg_effect=&#8221;classic&#8221; rt_bg_image_repeat=&#8221;repeat&#8221; rt_bg_size=&#8221;cover&#8221; rt_bg_position=&#8221;right top&#8221; rt_bg_attachment=&#8221;scroll&#8221; rt_bg_video_format=&#8221;self-hosted&#8221; rt_padding_top=&#8221;40&#8243; rt_padding_bottom=&#8221;40&#8243;][vc_column rt_wrp_col_paddings=&#8221;false&#8221; rt_border_top=&#8221;&#8221; rt_border_bottom=&#8221;&#8221; rt_border_left=&#8221;&#8221; rt_border_right=&#8221;&#8221; rt_border_top_mobile=&#8221;&#8221; rt_border_bottom_mobile=&#8221;&#8221; rt_border_left_mobile=&#8221;&#8221; rt_border_right_mobile=&#8221;&#8221; rt_bg_image_repeat=&#8221;repeat&#8221; rt_bg_size=&#8221;auto auto&#8221; rt_bg_position=&#8221;right top&#8221; rt_bg_attachment=&#8221;scroll&#8221;][vc_row_inner rt_row_style=&#8221;global-style&#8221; rt_row_borders=&#8221;&#8221; rt_row_paddings=&#8221;true&#8221; rt_bg_effect=&#8221;classic&#8221; rt_bg_image_repeat=&#8221;repeat&#8221; rt_bg_size=&#8221;cover&#8221; rt_bg_position=&#8221;right top&#8221; rt_bg_attachment=&#8221;scroll&#8221; rt_bg_video_format=&#8221;self-hosted&#8221;][vc_column_inner width=&#8221;1\/3&#8243; rt_wrp_col_paddings=&#8221;false&#8221; rt_border_top=&#8221;&#8221; rt_border_bottom=&#8221;&#8221; rt_border_left=&#8221;&#8221; rt_border_right=&#8221;&#8221; rt_border_top_mobile=&#8221;&#8221; rt_border_bottom_mobile=&#8221;&#8221; rt_border_left_mobile=&#8221;&#8221; rt_border_right_mobile=&#8221;&#8221; rt_bg_image_repeat=&#8221;repeat&#8221; rt_bg_size=&#8221;auto auto&#8221; rt_bg_position=&#8221;right top&#8221; rt_bg_attachment=&#8221;scroll&#8221;][vc_hoverbox image=&#8221;2981&#8243; primary_title=&#8221;EMPRESA&#8221; hover_title=&#8221;QUEM SOMOS&#8221; hover_background_color=&#8221;custom&#8221; hover_btn_title=&#8221;Acesse!&#8221; hover_btn_color=&#8221;danger&#8221; hover_add_button=&#8221;true&#8221; hover_custom_background=&#8221;#ffffff&#8221; hover_btn_link=&#8221;url:https%3A%2F%2Ftecnovip.com%2F%3Fpage_id%3D9|||&#8221;]A Tecnovip atua no segmento de equipamentos de medi\u00e7\u00e3o, atendendo a diversos setores, mantendo sempre a mesma filosofia: Solu\u00e7\u00f5es para Clientes Especiais.<\/p>\n<p>[\/vc_hoverbox][\/vc_column_inner][vc_column_inner width=&#8221;1\/3&#8243; rt_wrp_col_paddings=&#8221;false&#8221; rt_border_top=&#8221;&#8221; rt_border_bottom=&#8221;&#8221; rt_border_left=&#8221;&#8221; rt_border_right=&#8221;&#8221; rt_border_top_mobile=&#8221;&#8221; rt_border_bottom_mobile=&#8221;&#8221; rt_border_left_mobile=&#8221;&#8221; rt_border_right_mobile=&#8221;&#8221; rt_bg_image_repeat=&#8221;repeat&#8221; rt_bg_size=&#8221;auto auto&#8221; rt_bg_position=&#8221;right top&#8221; rt_bg_attachment=&#8221;scroll&#8221;][vc_hoverbox image=&#8221;3170&#8243; primary_title=&#8221;SERVI\u00c7OS&#8221; hover_title=&#8221;NOSSOS SERVI\u00c7OS&#8221; hover_background_color=&#8221;custom&#8221; hover_btn_title=&#8221;Acesse!&#8221; hover_btn_color=&#8221;danger&#8221; hover_add_button=&#8221;true&#8221; hover_custom_background=&#8221;#ffffff&#8221; hover_btn_link=&#8221;url:https%3A%2F%2Ftecnovip.com%2F%3Fpage_id%3D3079|||&#8221;]A TECNOVIP oferece aos seus clientes uma ampla gama de servi\u00e7os na \u00e1rea de Instrumenta\u00e7\u00e3o.<\/p>\n<p>[\/vc_hoverbox][\/vc_column_inner][vc_column_inner width=&#8221;1\/3&#8243; rt_wrp_col_paddings=&#8221;false&#8221; rt_border_top=&#8221;&#8221; rt_border_bottom=&#8221;&#8221; rt_border_left=&#8221;&#8221; rt_border_right=&#8221;&#8221; rt_border_top_mobile=&#8221;&#8221; rt_border_bottom_mobile=&#8221;&#8221; rt_border_left_mobile=&#8221;&#8221; rt_border_right_mobile=&#8221;&#8221; rt_bg_image_repeat=&#8221;repeat&#8221; rt_bg_size=&#8221;auto auto&#8221; rt_bg_position=&#8221;right top&#8221; rt_bg_attachment=&#8221;scroll&#8221;][vc_hoverbox image=&#8221;3172&#8243; primary_title=&#8221;PRODUTOS&#8221; hover_title=&#8221;NOSSOS PRODUTOS&#8221; hover_background_color=&#8221;custom&#8221; hover_btn_title=&#8221;Acesse!&#8221; hover_btn_color=&#8221;danger&#8221; hover_add_button=&#8221;true&#8221; hover_custom_background=&#8221;#ffffff&#8221; hover_btn_link=&#8221;url:https%3A%2F%2Ftecnovip.com%2F%3Ftaxonomy%3Dproduct_categories%26term%3Dprodutos|||&#8221;]Contamos com t\u00e9cnicos especializados e capacitados, que prestam completa assist\u00eancia t\u00e9cnica para qualquer um dos produtos de nossa empresa.<\/p>\n<p>[\/vc_hoverbox][\/vc_column_inner][\/vc_row_inner][vc_row_inner rt_row_style=&#8221;global-style&#8221; rt_row_borders=&#8221;&#8221; rt_row_paddings=&#8221;true&#8221; rt_bg_effect=&#8221;classic&#8221; rt_bg_image_repeat=&#8221;repeat&#8221; rt_bg_size=&#8221;cover&#8221; rt_bg_position=&#8221;right top&#8221; rt_bg_attachment=&#8221;scroll&#8221; rt_bg_video_format=&#8221;self-hosted&#8221;][vc_column_inner width=&#8221;1\/3&#8243; rt_wrp_col_paddings=&#8221;false&#8221; rt_border_top=&#8221;&#8221; rt_border_bottom=&#8221;&#8221; rt_border_left=&#8221;&#8221; rt_border_right=&#8221;&#8221; rt_border_top_mobile=&#8221;&#8221; rt_border_bottom_mobile=&#8221;&#8221; rt_border_left_mobile=&#8221;&#8221; rt_border_right_mobile=&#8221;&#8221; rt_bg_image_repeat=&#8221;repeat&#8221; rt_bg_size=&#8221;auto auto&#8221; rt_bg_position=&#8221;right top&#8221; rt_bg_attachment=&#8221;scroll&#8221;][vc_hoverbox image=&#8221;3173&#8243; primary_title=&#8221;PARCEIROS&#8221; hover_title=&#8221;NOSSOS PARCEIROS&#8221; hover_background_color=&#8221;custom&#8221; hover_btn_title=&#8221;Acesse!&#8221; hover_btn_color=&#8221;danger&#8221; hover_add_button=&#8221;true&#8221; hover_custom_background=&#8221;#ffffff&#8221; hover_btn_link=&#8221;url:https%3A%2F%2Ftecnovip.com%2F%3Fpage_id%3D3097|||&#8221;]<span class=\"st\">Conhe\u00e7a alguns dos nossos parceiros!<\/span><\/p>\n<p>[\/vc_hoverbox][\/vc_column_inner][vc_column_inner width=&#8221;1\/3&#8243; rt_wrp_col_paddings=&#8221;false&#8221; rt_border_top=&#8221;&#8221; rt_border_bottom=&#8221;&#8221; rt_border_left=&#8221;&#8221; rt_border_right=&#8221;&#8221; rt_border_top_mobile=&#8221;&#8221; rt_border_bottom_mobile=&#8221;&#8221; rt_border_left_mobile=&#8221;&#8221; rt_border_right_mobile=&#8221;&#8221; rt_bg_image_repeat=&#8221;repeat&#8221; rt_bg_size=&#8221;auto auto&#8221; rt_bg_position=&#8221;right top&#8221; rt_bg_attachment=&#8221;scroll&#8221;][vc_hoverbox image=&#8221;3174&#8243; primary_title=&#8221;EVENTOS E FEIRAS&#8221; hover_title=&#8221;EVENTOS E FEIRAS&#8221; hover_background_color=&#8221;custom&#8221; hover_btn_title=&#8221;Acesse!&#8221; hover_btn_color=&#8221;danger&#8221; hover_add_button=&#8221;true&#8221; hover_custom_background=&#8221;#ffffff&#8221; hover_btn_link=&#8221;url:https%3A%2F%2Ftecnovip.com%2F%3Fpage_id%3D2572|||&#8221;]Feiras de neg\u00f3cios, exposi\u00e7\u00f5es e eventos empresariais.<\/p>\n<p>&nbsp;<\/p>\n<p>[\/vc_hoverbox][\/vc_column_inner][vc_column_inner width=&#8221;1\/3&#8243; rt_wrp_col_paddings=&#8221;false&#8221; rt_border_top=&#8221;&#8221; rt_border_bottom=&#8221;&#8221; rt_border_left=&#8221;&#8221; rt_border_right=&#8221;&#8221; rt_border_top_mobile=&#8221;&#8221; rt_border_bottom_mobile=&#8221;&#8221; rt_border_left_mobile=&#8221;&#8221; rt_border_right_mobile=&#8221;&#8221; rt_bg_image_repeat=&#8221;repeat&#8221; rt_bg_size=&#8221;auto auto&#8221; rt_bg_position=&#8221;right top&#8221; rt_bg_attachment=&#8221;scroll&#8221;][vc_hoverbox image=&#8221;3175&#8243; primary_title=&#8221;NOT\u00cdCIAS&#8221; hover_title=&#8221;NOT\u00cdCIAS&#8221; hover_background_color=&#8221;custom&#8221; hover_btn_title=&#8221;Acesse!&#8221; hover_btn_color=&#8221;danger&#8221; hover_add_button=&#8221;true&#8221; hover_custom_background=&#8221;#ffffff&#8221; hover_btn_link=&#8221;url:https%3A%2F%2Ftecnovip.com%2F%3Fpage_id%3D2522|||&#8221;]As principais Not\u00edcias da Tecnovip!<\/p>\n<p>[\/vc_hoverbox][\/vc_column_inner][\/vc_row_inner][\/vc_column][\/vc_row][vc_row rt_row_background_width=&#8221;fullwidth&#8221; rt_row_content_width=&#8221;default&#8221; rt_row_style=&#8221;default-style&#8221; rt_row_borders=&#8221;&#8221; rt_grid=&#8221;true&#8221; rt_row_paddings=&#8221;true&#8221; rt_bg_effect=&#8221;classic&#8221; rt_bg_image_repeat=&#8221;repeat&#8221; rt_bg_size=&#8221;cover&#8221; rt_bg_position=&#8221;right top&#8221; rt_bg_attachment=&#8221;scroll&#8221; rt_bg_video_format=&#8221;self-hosted&#8221; rt_padding_top=&#8221;60&#8243; rt_padding_bottom=&#8221;60&#8243;][vc_column width=&#8221;1\/3&#8243; rt_wrp_col_paddings=&#8221;false&#8221; rt_border_top=&#8221;&#8221; rt_border_bottom=&#8221;&#8221; rt_border_left=&#8221;&#8221; rt_border_right=&#8221;&#8221; rt_border_top_mobile=&#8221;&#8221; rt_border_bottom_mobile=&#8221;&#8221; rt_border_left_mobile=&#8221;&#8221; rt_border_right_mobile=&#8221;&#8221; rt_bg_image_repeat=&#8221;repeat&#8221; rt_bg_size=&#8221;auto auto&#8221; rt_bg_position=&#8221;right top&#8221; rt_bg_attachment=&#8221;scroll&#8221;]<div class=\"rt_heading_wrapper style-5\">\n\t\t\t\t\t\t<span class=\"punchline\">TECNOVIP<\/span><h4 class=\"rt_heading  with_punchline style-5\" >NOSSOS PRODUTOS<\/h4>\n\t\t\t\t\t<\/div>[vc_column_text]A\u00a0<strong>Tecnovip<\/strong>\u00a0oferece a seus clientes uma ampla gama de servi\u00e7os de\u00a0<strong>calibra\u00e7\u00e3o, assist\u00eancia t\u00e9cnica e instala\u00e7\u00e3o de instrumentos de medi\u00e7\u00e3o<\/strong>. Nosso Laborat\u00f3rio de Calibra\u00e7\u00e3o \u00e9 Acreditado pela\u00a0<strong>Coordena\u00e7\u00e3o Geral de Acredita\u00e7\u00e3o do INMETRO.<\/strong>[\/vc_column_text]<div class=\"button_wrapper  alignleft\"><a  href=\"https:\/\/tecnovip.com\/?taxonomy=product_categories&amp;term=produtos\" target=\"_self\" title=\"TODOS OS PRODUTOS\" class=\"button_  default small\"><span class=\"icon-angle-right\"><\/span>TODOS OS PRODUTOS<\/a><\/div>[\/vc_column][vc_column width=&#8221;2\/3&#8243; rt_wrp_col_paddings=&#8221;false&#8221; rt_border_top=&#8221;&#8221; rt_border_bottom=&#8221;&#8221; rt_border_left=&#8221;&#8221; rt_border_right=&#8221;&#8221; rt_border_top_mobile=&#8221;&#8221; rt_border_bottom_mobile=&#8221;&#8221; rt_border_left_mobile=&#8221;&#8221; rt_border_right_mobile=&#8221;&#8221; rt_bg_image_repeat=&#8221;repeat&#8221; rt_bg_size=&#8221;auto auto&#8221; rt_bg_position=&#8221;right top&#8221; rt_bg_attachment=&#8221;scroll&#8221;]\n\t\t\t\t<div id=\"slider-product-dynamicID-870145\" class=\"rt-carousel rt-image-carousel carousel-holder clearfix product-carousel\" data-item-width=\"3\" data-nav=\"false\" data-dots=\"true\" data-margin=\"25\" data-autoplay=\"false\" data-timeout=\"5000\" data-loop=\"false\" data-tablet-item-width=\"\" data-mobile-item-width=\"1\">\n\t\t\t\t\t<div class=\"owl-carousel\">\n\t\t\t\t\t\t<div><div class=\"product_item_holder item product  aw-atividade-de-agua\">\n\n<div class=\"product_item_holder\">\n\n\t\t\t<div class=\"featured_image\"> \n\t\t\t<!-- product image -->\n\t\t\t<div class=\"featured_image\"> \n\t\t\t\t<a href=\"https:\/\/tecnovip.com\/?products=medidor-de-atividade-de-agua-aweasy-com-conexao-bluetooth\" title=\"Medidor de Atividade de \u00c1gua AwEasy, com conex\u00e3o Bluetooth\" rel=\"bookmark\" class=\"imgeffect link\"><img decoding=\"async\" src=\"https:\/\/tecnovip.com\/wp-content\/uploads\/2025\/11\/AW_Easy_app-400x300.png\" alt=\"\" class=\"\" \/><\/a> \n\t\t\t<\/div> \n\t\t<\/div> \n\t\n\n\t\n\t\t\t\t\t\t\n\t\t<div class=\"product_info\">\n\n\t\t\t\t\t\t\t\t<!-- title-->\n\t\t\t\t<h5 class=\"clean_heading\"><a href=\"https:\/\/tecnovip.com\/?products=medidor-de-atividade-de-agua-aweasy-com-conexao-bluetooth\" title=\"Medidor de Atividade de \u00c1gua AwEasy, com conex\u00e3o Bluetooth\" rel=\"bookmark\">Medidor de Atividade de \u00c1gua AwEasy, com conex\u00e3o Bluetooth<\/a><\/h5>\n\t\t\t\t\n\t\t\t\t<!-- text-->\n\t\t\t\t\n\t\t\t\t<div class=\"product_info_footer clearfix\"><div class=\"action_buttons\"><a href=\"https:\/\/tecnovip.com\/?products=medidor-de-atividade-de-agua-aweasy-com-conexao-bluetooth\" title=\"Medidor de Atividade de \u00c1gua AwEasy, com conex\u00e3o Bluetooth\" class=\"details icon-angle-right\">Detalhes<\/a><\/div><\/div> \t\t\n\n\t\t<\/div>\n\t\t\n\n\t\n<\/div><\/div>\n<\/div><div><div class=\"product_item_holder item product  analisador-de-vibracao\">\n\n<div class=\"product_item_holder\">\n\n\t\t\t<div class=\"featured_image\"> \n\t\t\t<!-- product image -->\n\t\t\t<div class=\"featured_image\"> \n\t\t\t\t<a href=\"https:\/\/tecnovip.com\/?products=analisador-automatico-de-vibracao-vshooter\" title=\"Analisador Autom\u00e1tico de Vibra\u00e7\u00e3o VSHOOTER+\" rel=\"bookmark\" class=\"imgeffect link\"><img decoding=\"async\" src=\"https:\/\/tecnovip.com\/wp-content\/uploads\/2025\/06\/VSHOOTER__MCP_RAL3002_01-1-400x300.png\" alt=\"\" class=\"\" \/><\/a> \n\t\t\t<\/div> \n\t\t<\/div> \n\t\n\n\t\n\t\t\t\t\t\t\n\t\t<div class=\"product_info\">\n\n\t\t\t\t\t\t\t\t<!-- title-->\n\t\t\t\t<h5 class=\"clean_heading\"><a href=\"https:\/\/tecnovip.com\/?products=analisador-automatico-de-vibracao-vshooter\" title=\"Analisador Autom\u00e1tico de Vibra\u00e7\u00e3o VSHOOTER+\" rel=\"bookmark\">Analisador Autom\u00e1tico de Vibra\u00e7\u00e3o VSHOOTER+<\/a><\/h5>\n\t\t\t\t\n\t\t\t\t<!-- text-->\n\t\t\t\t\n\t\t\t\t<div class=\"product_info_footer clearfix\"><div class=\"action_buttons\"><a href=\"https:\/\/tecnovip.com\/?products=analisador-automatico-de-vibracao-vshooter\" title=\"Analisador Autom\u00e1tico de Vibra\u00e7\u00e3o VSHOOTER+\" class=\"details icon-angle-right\">Detalhes<\/a><\/div><\/div> \t\t\n\n\t\t<\/div>\n\t\t\n\n\t\n<\/div><\/div>\n<\/div><div><div class=\"product_item_holder item product  detecao-de-vazamento gases\">\n\n<div class=\"product_item_holder\">\n\n\t\t\t<div class=\"featured_image\"> \n\t\t\t<!-- product image -->\n\t\t\t<div class=\"featured_image\"> \n\t\t\t\t<a href=\"https:\/\/tecnovip.com\/?products=5552\" title=\"C\u00e2mera de Detec\u00e7\u00e3o de Vazamento de Gases LEAKSHOOTER V3+PRO\" rel=\"bookmark\" class=\"imgeffect link\"><img decoding=\"async\" src=\"https:\/\/tecnovip.com\/wp-content\/uploads\/2025\/06\/LKS1000V3PRO-e1750960129710-400x300.jpg\" alt=\"\" class=\"\" \/><\/a> \n\t\t\t<\/div> \n\t\t<\/div> \n\t\n\n\t\n\t\t\t\t\t\t\n\t\t<div class=\"product_info\">\n\n\t\t\t\t\t\t\t\t<!-- title-->\n\t\t\t\t<h5 class=\"clean_heading\"><a href=\"https:\/\/tecnovip.com\/?products=5552\" title=\"C\u00e2mera de Detec\u00e7\u00e3o de Vazamento de Gases LEAKSHOOTER V3+PRO\" rel=\"bookmark\">C\u00e2mera de Detec\u00e7\u00e3o de Vazamento de Gases LEAKSHOOTER V3+PRO<\/a><\/h5>\n\t\t\t\t\n\t\t\t\t<!-- text-->\n\t\t\t\t\n\t\t\t\t<div class=\"product_info_footer clearfix\"><div class=\"action_buttons\"><a href=\"https:\/\/tecnovip.com\/?products=5552\" title=\"C\u00e2mera de Detec\u00e7\u00e3o de Vazamento de Gases LEAKSHOOTER V3+PRO\" class=\"details icon-angle-right\">Detalhes<\/a><\/div><\/div> \t\t\n\n\t\t<\/div>\n\t\t\n\n\t\n<\/div><\/div>\n<\/div><div><div class=\"product_item_holder item product  detecao-de-vazamento gases\">\n\n<div class=\"product_item_holder\">\n\n\t\t\t<div class=\"featured_image\"> \n\t\t\t<!-- product image -->\n\t\t\t<div class=\"featured_image\"> \n\t\t\t\t<a href=\"https:\/\/tecnovip.com\/?products=camera-de-deteccao-de-vazamento-de-gases-leakshooter-v2ir\" title=\"C\u00e2mera de Detec\u00e7\u00e3o de Vazamento de Gases LEAKSHOOTER V2+IR\" rel=\"bookmark\" class=\"imgeffect link\"><img decoding=\"async\" src=\"https:\/\/tecnovip.com\/wp-content\/uploads\/2025\/06\/cote@2x-e1750950470701-400x300.jpg\" alt=\"\" class=\"\" \/><\/a> \n\t\t\t<\/div> \n\t\t<\/div> \n\t\n\n\t\n\t\t\t\t\t\t\n\t\t<div class=\"product_info\">\n\n\t\t\t\t\t\t\t\t<!-- title-->\n\t\t\t\t<h5 class=\"clean_heading\"><a href=\"https:\/\/tecnovip.com\/?products=camera-de-deteccao-de-vazamento-de-gases-leakshooter-v2ir\" title=\"C\u00e2mera de Detec\u00e7\u00e3o de Vazamento de Gases LEAKSHOOTER V2+IR\" rel=\"bookmark\">C\u00e2mera de Detec\u00e7\u00e3o de Vazamento de Gases LEAKSHOOTER V2+IR<\/a><\/h5>\n\t\t\t\t\n\t\t\t\t<!-- text-->\n\t\t\t\t\n\t\t\t\t<div class=\"product_info_footer clearfix\"><div class=\"action_buttons\"><a href=\"https:\/\/tecnovip.com\/?products=camera-de-deteccao-de-vazamento-de-gases-leakshooter-v2ir\" title=\"C\u00e2mera de Detec\u00e7\u00e3o de Vazamento de Gases LEAKSHOOTER V2+IR\" class=\"details icon-angle-right\">Detalhes<\/a><\/div><\/div> \t\t\n\n\t\t<\/div>\n\t\t\n\n\t\n<\/div><\/div>\n<\/div><div><div class=\"product_item_holder item product  fixos gases produtos\">\n\n<div class=\"product_item_holder\">\n\n\t\t\t<div class=\"featured_image\"> \n\t\t\t<!-- product image -->\n\t\t\t<div class=\"featured_image\"> \n\t\t\t\t<a href=\"https:\/\/tecnovip.com\/?products=transmissor-detector-de-explosividade-tecno-1000-lel\" title=\"Transmissor \/ Detector de Explosividade TECNO-1000-LEL\" rel=\"bookmark\" class=\"imgeffect link\"><img decoding=\"async\" src=\"https:\/\/tecnovip.com\/wp-content\/uploads\/2023\/02\/Transmissor-LEL-400x300.png\" alt=\"\" class=\"\" \/><\/a> \n\t\t\t<\/div> \n\t\t<\/div> \n\t\n\n\t\n\t\t\t\t\t\t\n\t\t<div class=\"product_info\">\n\n\t\t\t\t\t\t\t\t<!-- title-->\n\t\t\t\t<h5 class=\"clean_heading\"><a href=\"https:\/\/tecnovip.com\/?products=transmissor-detector-de-explosividade-tecno-1000-lel\" title=\"Transmissor \/ Detector de Explosividade TECNO-1000-LEL\" rel=\"bookmark\">Transmissor \/ Detector de Explosividade TECNO-1000-LEL<\/a><\/h5>\n\t\t\t\t\n\t\t\t\t<!-- text-->\n\t\t\t\t\n\t\t\t\t<div class=\"product_info_footer clearfix\"><div class=\"action_buttons\"><a href=\"https:\/\/tecnovip.com\/?products=transmissor-detector-de-explosividade-tecno-1000-lel\" title=\"Transmissor \/ Detector de Explosividade TECNO-1000-LEL\" class=\"details icon-angle-right\">Detalhes<\/a><\/div><\/div> \t\t\n\n\t\t<\/div>\n\t\t\n\n\t\n<\/div><\/div>\n<\/div><div><div class=\"product_item_holder item product  fixos gases produtos\">\n\n<div class=\"product_item_holder\">\n\n\t\t\t<div class=\"featured_image\"> \n\t\t\t<!-- product image -->\n\t\t\t<div class=\"featured_image\"> \n\t\t\t\t<a href=\"https:\/\/tecnovip.com\/?products=transmissor-detector-de-monoxido-de-carbono-tecno-1000-co\" title=\"Transmissor \/ Detector de Mon\u00f3xido de Carbono  TECNO-1000-CO\" rel=\"bookmark\" class=\"imgeffect link\"><img decoding=\"async\" src=\"https:\/\/tecnovip.com\/wp-content\/uploads\/2023\/02\/Transmissor-CO-400x300.png\" alt=\"\" class=\"\" \/><\/a> \n\t\t\t<\/div> \n\t\t<\/div> \n\t\n\n\t\n\t\t\t\t\t\t\n\t\t<div class=\"product_info\">\n\n\t\t\t\t\t\t\t\t<!-- title-->\n\t\t\t\t<h5 class=\"clean_heading\"><a href=\"https:\/\/tecnovip.com\/?products=transmissor-detector-de-monoxido-de-carbono-tecno-1000-co\" title=\"Transmissor \/ Detector de Mon\u00f3xido de Carbono  TECNO-1000-CO\" rel=\"bookmark\">Transmissor \/ Detector de Mon\u00f3xido de Carbono  TECNO-1000-CO<\/a><\/h5>\n\t\t\t\t\n\t\t\t\t<!-- text-->\n\t\t\t\t\n\t\t\t\t<div class=\"product_info_footer clearfix\"><div class=\"action_buttons\"><a href=\"https:\/\/tecnovip.com\/?products=transmissor-detector-de-monoxido-de-carbono-tecno-1000-co\" title=\"Transmissor \/ Detector de Mon\u00f3xido de Carbono  TECNO-1000-CO\" class=\"details icon-angle-right\">Detalhes<\/a><\/div><\/div> \t\t\n\n\t\t<\/div>\n\t\t\n\n\t\n<\/div><\/div>\n<\/div>\n\t\t\t\t\t<\/div>\n\t\t\t\t\t\n\t\t\t\t<div id=\"slider-product-dynamicID-870145-dots\" class=\"dots-holder\">\n\t\t\t\t<\/div>\n\t\t\t\n\t\t\t\t<\/div>\n\t\t\t[\/vc_column][\/vc_row]<\/p>\n","protected":false},"excerpt":{"rendered":"<p>[vc_row rt_row_background_width=&#8221;fullwidth&#8221; rt_row_content_width=&#8221;fullwidth&#8221; rt_row_style=&#8221;light-style&#8221; rt_row_borders=&#8221;&#8221; rt_row_paddings=&#8221;false&#8221; rt_bg_effect=&#8221;classic&#8221; rt_bg_image_repeat=&#8221;repeat&#8221; rt_bg_size=&#8221;cover&#8221; rt_bg_position=&#8221;right top&#8221; rt_bg_attachment=&#8221;scroll&#8221; rt_bg_video_format=&#8221;self-hosted&#8221;][vc_column rt_wrp_col_paddings=&#8221;false&#8221; rt_border_top=&#8221;&#8221; rt_border_bottom=&#8221;&#8221; rt_border_left=&#8221;&#8221; rt_border_right=&#8221;&#8221; rt_border_top_mobile=&#8221;&#8221; rt_border_bottom_mobile=&#8221;&#8221; rt_border_left_mobile=&#8221;&#8221; rt_border_right_mobile=&#8221;&#8221; rt_bg_image_repeat=&#8221;repeat&#8221; rt_bg_size=&#8221;auto auto&#8221; rt_bg_position=&#8221;right top&#8221; rt_bg_attachment=&#8221;scroll&#8221;][rev_slider_vc alias=&#8221;rt19-demo-9-sample&#8221;][\/vc_column][\/vc_row][vc_row rt_row_background_width=&#8221;fullwidth&#8221; rt_row_content_width=&#8221;default&#8221; rt_row_style=&#8221;default-style&#8221; rt_row_borders=&#8221;bottom&#8221; rt_row_paddings=&#8221;true&#8221; rt_bg_effect=&#8221;parallax&#8221; rt_bg_parallax_effect=&#8221;1&#8243; rt_bg_image_repeat=&#8221;repeat&#8221; rt_bg_size=&#8221;auto auto&#8221; rt_bg_position=&#8221;right top&#8221; rt_bg_video_format=&#8221;self-hosted&#8221; rt_row_width=&#8221;default&#8221; rt_row_placement=&#8221;true&#8221;][vc_column rt_wrp_col_paddings=&#8221;false&#8221; rt_border_top=&#8221;&#8221; rt_border_bottom=&#8221;&#8221; rt_border_left=&#8221;&#8221; rt_border_right=&#8221;&#8221; rt_border_top_mobile=&#8221;&#8221; rt_border_bottom_mobile=&#8221;&#8221; rt_border_left_mobile=&#8221;&#8221; rt_border_right_mobile=&#8221;&#8221; rt_bg_image_repeat=&#8221;repeat&#8221; rt_bg_size=&#8221;auto [&hellip;]<\/p>\n","protected":false},"author":1,"featured_media":0,"parent":0,"menu_order":0,"comment_status":"closed","ping_status":"closed","template":"","meta":{"footnotes":""},"class_list":["post-2554","page","type-page","status-publish","hentry"],"_links":{"self":[{"href":"https:\/\/tecnovip.com\/index.php?rest_route=\/wp\/v2\/pages\/2554","targetHints":{"allow":["GET"]}}],"collection":[{"href":"https:\/\/tecnovip.com\/index.php?rest_route=\/wp\/v2\/pages"}],"about":[{"href":"https:\/\/tecnovip.com\/index.php?rest_route=\/wp\/v2\/types\/page"}],"author":[{"embeddable":true,"href":"https:\/\/tecnovip.com\/index.php?rest_route=\/wp\/v2\/users\/1"}],"replies":[{"embeddable":true,"href":"https:\/\/tecnovip.com\/index.php?rest_route=%2Fwp%2Fv2%2Fcomments&post=2554"}],"version-history":[{"count":23,"href":"https:\/\/tecnovip.com\/index.php?rest_route=\/wp\/v2\/pages\/2554\/revisions"}],"predecessor-version":[{"id":5526,"href":"https:\/\/tecnovip.com\/index.php?rest_route=\/wp\/v2\/pages\/2554\/revisions\/5526"}],"wp:attachment":[{"href":"https:\/\/tecnovip.com\/index.php?rest_route=%2Fwp%2Fv2%2Fmedia&parent=2554"}],"curies":[{"name":"wp","href":"https:\/\/api.w.org\/{rel}","templated":true}]}}