{"id":2522,"date":"2015-02-20T01:41:31","date_gmt":"2015-02-20T01:41:31","guid":{"rendered":"http:\/\/rttheme19.rtthemes.com\/?page_id=2522"},"modified":"2019-05-06T16:16:26","modified_gmt":"2019-05-06T16:16:26","slug":"blog-grid","status":"publish","type":"page","link":"https:\/\/tecnovip.com\/?page_id=2522","title":{"rendered":"NOT\u00cdCIAS"},"content":{"rendered":"<p>[vc_row rt_row_background_width=&#8221;default&#8221; rt_row_content_width=&#8221;default&#8221; rt_row_style=&#8221;default-style&#8221; rt_row_borders=&#8221;&#8221; rt_overlap=&#8221;true&#8221; rt_grid=&#8221;&#8221; rt_row_paddings=&#8221;true&#8221; rt_bg_effect=&#8221;classic&#8221; rt_bg_parallax_effect=&#8221;1&#8243; rt_bg_image_repeat=&#8221;repeat&#8221; rt_bg_size=&#8221;cover&#8221; rt_bg_position=&#8221;right top&#8221; rt_bg_attachment=&#8221;scroll&#8221;][vc_column width=&#8221;1\/1&#8243;]\n<div id=\"blog-dynamicID-785226\" class=\"blog_list clearfix border_grid fixed_heights\" data-column-width=\"3\">\n<div class=\"row clearfix\">\n<div class=\"col col-sm-4\">\n \n\n<!-- blog box-->\n<article class=\"loop post-5569 post type-post status-publish format-standard has-post-thumbnail hentry category-noticias\" id=\"post-5569\">\n\t\t\n\t\n\t\n\t<figure class=\"featured_image featured_media\">\n\n\t\t\n\t\t\t\t<a id=\"lightbox-708432\" class=\"imgeffect zoom lightbox_ featured_image\" data-group=\"image_5570\" title=\"Enlarge Image\" data-title=\"Encontro Grupo VSE-Flow e Beinlich Pumps\" data-sub-html=\"#lightbox-708432-description\" data-thumbnail=\"https:\/\/tecnovip.com\/wp-content\/uploads\/2025\/11\/601-lumapix.e.holding-11-75x50.jpg\" data-thumbTooltip=\"\" data-scaleUp=\"\" data-href=\"\" data-width=\"\" data-height=\"\" data-flashHasPriority=\"\" data-poster=\"\" data-autoplay=\"\" data-audiotitle=\"\" data-html=\"\" href=\"https:\/\/tecnovip.com\/wp-content\/uploads\/2025\/11\/601-lumapix.e.holding-11.jpg\" ><img decoding=\"async\" src=\"https:\/\/tecnovip.com\/wp-content\/uploads\/2025\/11\/601-lumapix.e.holding-11-480x480.jpg\" alt=\"\" class=\"\" \/><\/a>\n\t\t\t<div class=\"lighbox-description hidden\" id=\"lightbox-708432-description\">\n\t\t\t\t<strong>Encontro Grupo VSE-Flow e Beinlich Pumps<\/strong><br>\n\t\t\t\t\n\t\t\t<\/div>\t\t\t\t<span class=\"format-icon icon-pencil\"><\/span>\n\n\t\t\t\n\t<\/figure> \n\t\n\n\t<div class=\"date\">3 de novembro de 2025<\/div> \n\t<div class=\"text entry-content\">\n\n\t\t<!-- blog headline-->\n\t\t<h2 class=\"entry-title\"><a href=\"https:\/\/tecnovip.com\/?p=5569\" rel=\"bookmark\">Encontro Grupo VSE-Flow e Beinlich Pumps<\/a><\/h2> \n\t\t\t\n\n\t\t<p>Realizou-se em Setembro, na cidade alem\u00e3 de Neuenrade o primeiro encontro do Grupo Alem\u00e3o E-Holding, que inclui as marcas VSE-Flow e Beinlich Pumps. Este encontro serviu para estreitar la\u00e7os entre as empresas, treinamento e apresenta\u00e7\u00e3o de novas linhas de equipamentos.<\/p>\n\n\t\t\t\t<!-- meta data -->\n\t\t<div class=\"post_data\">\n\n\t\t\t\t\t\t<!-- user -->\n\t\t\t<span class=\"icon-user user margin-right20\"><a href=\"https:\/\/tecnovip.com\/?author=1\" title=\"Posts de tecnovip1020\" rel=\"author\">tecnovip1020<\/a><\/span>\n\t\t\t\n\t\t\t\t\t\t<!-- categories -->\n\t\t\t<span class=\"icon-flow-cascade categories\"><a href=\"https:\/\/tecnovip.com\/?cat=1\" rel=\"category\">Not\u00edcias<\/a><\/span>\n\t\t\t\n\t\t\t\n\t\t\t\n\t\t<\/div><!-- \/ end div  .post_data -->\n\t\n\t<\/div> \n\n<\/article> \n<!-- \/ blog box-->\n<\/div>\n<div class=\"col col-sm-4\">\n \n\n<!-- blog box-->\n<article class=\"loop post-5562 post type-post status-publish format-standard has-post-thumbnail hentry category-noticias\" id=\"post-5562\">\n\t\t\n\t\n\t\n\t<figure class=\"featured_image featured_media\">\n\n\t\t\n\t\t\t\t<a id=\"lightbox-618675\" class=\"imgeffect zoom lightbox_ featured_image\" data-group=\"image_5563\" title=\"Enlarge Image\" data-title=\"Parceria Tecnovip &amp; Rotronic &#8211; Dwyer Omega\" data-sub-html=\"#lightbox-618675-description\" data-thumbnail=\"https:\/\/tecnovip.com\/wp-content\/uploads\/2025\/08\/WhatsApp-Image-2025-07-30-at-18.41.51-1-75x50.jpg\" data-thumbTooltip=\"\" data-scaleUp=\"\" data-href=\"\" data-width=\"\" data-height=\"\" data-flashHasPriority=\"\" data-poster=\"\" data-autoplay=\"\" data-audiotitle=\"\" data-html=\"\" href=\"https:\/\/tecnovip.com\/wp-content\/uploads\/2025\/08\/WhatsApp-Image-2025-07-30-at-18.41.51-1.jpg\" ><img decoding=\"async\" src=\"https:\/\/tecnovip.com\/wp-content\/uploads\/2025\/08\/WhatsApp-Image-2025-07-30-at-18.41.51-1-480x480.jpg\" alt=\"\" class=\"\" \/><\/a>\n\t\t\t<div class=\"lighbox-description hidden\" id=\"lightbox-618675-description\">\n\t\t\t\t<strong>Parceria Tecnovip &amp; Rotronic &#8211; Dwyer Omega<\/strong><br>\n\t\t\t\t\n\t\t\t<\/div>\t\t\t\t<span class=\"format-icon icon-pencil\"><\/span>\n\n\t\t\t\n\t<\/figure> \n\t\n\n\t<div class=\"date\">6 de agosto de 2025<\/div> \n\t<div class=\"text entry-content\">\n\n\t\t<!-- blog headline-->\n\t\t<h2 class=\"entry-title\"><a href=\"https:\/\/tecnovip.com\/?p=5562\" rel=\"bookmark\">Parceria Tecnovip &amp; Rotronic &#8211; Dwyer Omega<\/a><\/h2> \n\t\t\t\n\n\t\t<p>A Tecnovip e a Rotronic possuem uma parceria que se estende h\u00e1 mais de 20 anos, ofertando para os seus clientes as melhores solu\u00e7\u00f5es para monitoramento de temperatura e umidade relativa. No passado dia 30 de Julho tivemos a visita da Rotronic, pertencente ao grupo Dwyer Omega, para estreitar os la\u00e7os entre as empresas e [&hellip;]<\/p>\n\n\t\t\t\t<!-- meta data -->\n\t\t<div class=\"post_data\">\n\n\t\t\t\t\t\t<!-- user -->\n\t\t\t<span class=\"icon-user user margin-right20\"><a href=\"https:\/\/tecnovip.com\/?author=1\" title=\"Posts de tecnovip1020\" rel=\"author\">tecnovip1020<\/a><\/span>\n\t\t\t\n\t\t\t\t\t\t<!-- categories -->\n\t\t\t<span class=\"icon-flow-cascade categories\"><a href=\"https:\/\/tecnovip.com\/?cat=1\" rel=\"category\">Not\u00edcias<\/a><\/span>\n\t\t\t\n\t\t\t\n\t\t\t\n\t\t<\/div><!-- \/ end div  .post_data -->\n\t\n\t<\/div> \n\n<\/article> \n<!-- \/ blog box-->\n<\/div>\n<div class=\"col col-sm-4\">\n \n\n<!-- blog box-->\n<article class=\"loop post-4004 post type-post status-publish format-gallery has-post-thumbnail hentry category-noticias post_format-post-format-gallery\" id=\"post-4004\">\n\t\t\n\t\n\t\n\t\t\t\t<figure class=\"slideshow featured_media\">\n\t\t\t\t\n\t\t\t\t<div id=\"slider-post-single-gallery-4004\" class=\"rt-carousel rt-image-carousel carousel-holder clearfix post-carousel\" data-item-width=\"1\" data-nav=\"true\" data-dots=\"false\" data-margin=\"15\" data-autoplay=\"false\" data-timeout=\"5000\" data-loop=\"false\" data-tablet-item-width=\"\" data-mobile-item-width=\"1\">\n\t\t\t\t\t<div class=\"owl-carousel\">\n\t\t\t\t\t\t<div><a id=\"lightbox-997694\" class=\"imgeffect zoom lightbox_\" data-group=\"slider-post-carousel-4004\" title=\"Enlarge Image\" data-title=\"Analisador de Gases Tambores Combust\u00e3o\" data-sub-html=\"#lightbox-997694-description\" data-thumbnail=\"https:\/\/tecnovip.com\/wp-content\/uploads\/2020\/01\/WhatsApp-Image-2020-01-17-at-12.36.02-75x50.jpeg\" data-thumbTooltip=\"\" data-scaleUp=\"\" data-href=\"\" data-width=\"\" data-height=\"\" data-flashHasPriority=\"\" data-poster=\"\" data-autoplay=\"\" data-audiotitle=\"\" data-html=\"\" href=\"https:\/\/tecnovip.com\/wp-content\/uploads\/2020\/01\/WhatsApp-Image-2020-01-17-at-12.36.02.jpeg\" ><img decoding=\"async\" src=\"https:\/\/tecnovip.com\/wp-content\/uploads\/2020\/01\/WhatsApp-Image-2020-01-17-at-12.36.02-338x450.jpeg\" alt=\"Analisador Gases Tambores\" itemprop=\"image\"><\/a>\n\t\t\t<div class=\"lighbox-description hidden\" id=\"lightbox-997694-description\">\n\t\t\t\t<strong>Analisador de Gases Tambores Combust\u00e3o<\/strong><br>\n\t\t\t\tAnalisador de Gases Tambores Combust\u00e3o\n\t\t\t<\/div><\/div><div><a id=\"lightbox-615098\" class=\"imgeffect zoom lightbox_\" data-group=\"slider-post-carousel-4004\" title=\"Enlarge Image\" data-title=\"Analisador de Gases Tambores Combust\u00e3o\" data-sub-html=\"#lightbox-615098-description\" data-thumbnail=\"https:\/\/tecnovip.com\/wp-content\/uploads\/2020\/01\/WhatsApp-Image-2020-01-17-at-12.36.00-75x50.jpeg\" data-thumbTooltip=\"\" data-scaleUp=\"\" data-href=\"\" data-width=\"\" data-height=\"\" data-flashHasPriority=\"\" data-poster=\"\" data-autoplay=\"\" data-audiotitle=\"\" data-html=\"\" href=\"https:\/\/tecnovip.com\/wp-content\/uploads\/2020\/01\/WhatsApp-Image-2020-01-17-at-12.36.00.jpeg\" ><img decoding=\"async\" src=\"https:\/\/tecnovip.com\/wp-content\/uploads\/2020\/01\/WhatsApp-Image-2020-01-17-at-12.36.00-600x450.jpeg\" alt=\"Analisador de Gases Tambores Combust\u00e3o\" itemprop=\"image\"><\/a>\n\t\t\t<div class=\"lighbox-description hidden\" id=\"lightbox-615098-description\">\n\t\t\t\t<strong>Analisador de Gases Tambores Combust\u00e3o<\/strong><br>\n\t\t\t\tAnalisador de Gases Tambores Combust\u00e3o\n\t\t\t<\/div><\/div><div><a id=\"lightbox-538070\" class=\"imgeffect zoom lightbox_\" data-group=\"slider-post-carousel-4004\" title=\"Enlarge Image\" data-title=\"Analisador de Gases Tambores Combust\u00e3o\" data-sub-html=\"#lightbox-538070-description\" data-thumbnail=\"https:\/\/tecnovip.com\/wp-content\/uploads\/2020\/01\/WhatsApp-Image-2020-01-17-at-12.36.03-75x50.jpeg\" data-thumbTooltip=\"\" data-scaleUp=\"\" data-href=\"\" data-width=\"\" data-height=\"\" data-flashHasPriority=\"\" data-poster=\"\" data-autoplay=\"\" data-audiotitle=\"\" data-html=\"\" href=\"https:\/\/tecnovip.com\/wp-content\/uploads\/2020\/01\/WhatsApp-Image-2020-01-17-at-12.36.03.jpeg\" ><img decoding=\"async\" src=\"https:\/\/tecnovip.com\/wp-content\/uploads\/2020\/01\/WhatsApp-Image-2020-01-17-at-12.36.03-338x450.jpeg\" alt=\"Analisador de Gases Tambores Combust\u00e3o\" itemprop=\"image\"><\/a>\n\t\t\t<div class=\"lighbox-description hidden\" id=\"lightbox-538070-description\">\n\t\t\t\t<strong>Analisador de Gases Tambores Combust\u00e3o<\/strong><br>\n\t\t\t\tAnalisador de Gases Tambores Combust\u00e3o\n\t\t\t<\/div><\/div>\n\t\t\t\t\t<\/div>\n\t\t\t\t\t\n\t\t\t\t<\/div>\n\t\t\t\t\t\t\t<span class=\"format-icon icon-picture\"><\/span>\n\t\t\t<\/figure> \n\n\t\t \n\n\n\n\t<div class=\"date\">17 de janeiro de 2020<\/div> \n\t<div class=\"text entry-content\">\n\n\t\t<!-- blog headline-->\n\t\t<h2 class=\"entry-title\"><a href=\"https:\/\/tecnovip.com\/?p=4004\" rel=\"bookmark\">Instala\u00e7\u00e3o de Analisador de Gases em Recuperadora de Tambores<\/a><\/h2> \n\t\t\t\n\n\t\t<p>Realizamos a instala\u00e7\u00e3o de um analisador de gases na recuperadora de tambores, Ideal Tambores, de modo a monitorar continuamente o processo de emiss\u00e3o gasosa proveniente do processo de recupera\u00e7\u00e3o de tambores, cumprindo assim com as normas do org\u00e3o ambiental de S\u00e3o Paulo, a CETESB. Temos vasta experi\u00eancia em instala\u00e7\u00f5es em recuperadoras de tambores, consulte-nos para [&hellip;]<\/p>\n\n\t\t\t\t<!-- meta data -->\n\t\t<div class=\"post_data\">\n\n\t\t\t\t\t\t<!-- user -->\n\t\t\t<span class=\"icon-user user margin-right20\"><a href=\"https:\/\/tecnovip.com\/?author=1\" title=\"Posts de tecnovip1020\" rel=\"author\">tecnovip1020<\/a><\/span>\n\t\t\t\n\t\t\t\t\t\t<!-- categories -->\n\t\t\t<span class=\"icon-flow-cascade categories\"><a href=\"https:\/\/tecnovip.com\/?cat=1\" rel=\"category\">Not\u00edcias<\/a><\/span>\n\t\t\t\n\t\t\t\n\t\t\t\n\t\t<\/div><!-- \/ end div  .post_data -->\n\t\n\t<\/div> \n\n<\/article> \n<!-- \/ blog box--><\/div>\n<\/div>\n<div class=\"row clearfix\">\n<div class=\"col col-sm-4\">\n \n\n<!-- blog box-->\n<article class=\"loop post-3832 post type-post status-publish format-standard has-post-thumbnail hentry category-noticias\" id=\"post-3832\">\n\t\t\n\t\n\t\n\t<figure class=\"featured_image featured_media\">\n\n\t\t\n\t\t\t\t<a id=\"lightbox-842539\" class=\"imgeffect zoom lightbox_ featured_image\" data-group=\"image_3838\" title=\"Enlarge Image\" data-title=\"Resolu\u00e7\u00e3o RDC 304 Temperatura e Umidade\" data-sub-html=\"#lightbox-842539-description\" data-thumbnail=\"https:\/\/tecnovip.com\/wp-content\/uploads\/2019\/10\/images-75x50.png\" data-thumbTooltip=\"\" data-scaleUp=\"\" data-href=\"\" data-width=\"\" data-height=\"\" data-flashHasPriority=\"\" data-poster=\"\" data-autoplay=\"\" data-audiotitle=\"\" data-html=\"\" href=\"https:\/\/tecnovip.com\/wp-content\/uploads\/2019\/10\/images.png\" ><img decoding=\"async\" src=\"https:\/\/tecnovip.com\/wp-content\/uploads\/2019\/10\/images.png\" alt=\"RDC304 Tecnovip\" class=\"\" \/><\/a>\n\t\t\t<div class=\"lighbox-description hidden\" id=\"lightbox-842539-description\">\n\t\t\t\t<strong>Resolu\u00e7\u00e3o RDC 304 Temperatura e Umidade<\/strong><br>\n\t\t\t\t\n\t\t\t<\/div>\t\t\t\t<span class=\"format-icon icon-pencil\"><\/span>\n\n\t\t\t\n\t<\/figure> \n\t\n\n\t<div class=\"date\">25 de outubro de 2019<\/div> \n\t<div class=\"text entry-content\">\n\n\t\t<!-- blog headline-->\n\t\t<h2 class=\"entry-title\"><a href=\"https:\/\/tecnovip.com\/?p=3832\" rel=\"bookmark\">Resolu\u00e7\u00e3o RDC 304 Temperatura e Umidade<\/a><\/h2> \n\t\t\t\n\n\t\t<p>Com a nova resolu\u00e7\u00e3o RDC n\u00b0304, do dia 17 de setembro de 2019, o transporte e armazenamento de medicamentos necessitar\u00e1 de um monitoramento de temperatura e umidade. A Tecnovip possui o conhecimento para ajudar as empresas a atenderem a este requisito, tanto de dataloggers para monitoramento quanto para qualifica\u00e7\u00e3o t\u00e9rmica, entre em contato para saber [&hellip;]<\/p>\n\n\t\t\t\t<!-- meta data -->\n\t\t<div class=\"post_data\">\n\n\t\t\t\t\t\t<!-- user -->\n\t\t\t<span class=\"icon-user user margin-right20\"><a href=\"https:\/\/tecnovip.com\/?author=1\" title=\"Posts de tecnovip1020\" rel=\"author\">tecnovip1020<\/a><\/span>\n\t\t\t\n\t\t\t\t\t\t<!-- categories -->\n\t\t\t<span class=\"icon-flow-cascade categories\"><a href=\"https:\/\/tecnovip.com\/?cat=1\" rel=\"category\">Not\u00edcias<\/a><\/span>\n\t\t\t\n\t\t\t\n\t\t\t\n\t\t<\/div><!-- \/ end div  .post_data -->\n\t\n\t<\/div> \n\n<\/article> \n<!-- \/ blog box-->\n<\/div>\n<div class=\"col col-sm-4\">\n \n\n<!-- blog box-->\n<article class=\"loop post-3829 post type-post status-publish format-standard has-post-thumbnail hentry category-noticias\" id=\"post-3829\">\n\t\t\n\t\n\t\n\t<figure class=\"featured_image featured_media\">\n\n\t\t\n\t\t\t\t<a id=\"lightbox-200283\" class=\"imgeffect zoom lightbox_ featured_image\" data-group=\"image_3830\" title=\"Enlarge Image\" data-title=\"Parceria Tecnovip &#038; Madur\" data-sub-html=\"#lightbox-200283-description\" data-thumbnail=\"https:\/\/tecnovip.com\/wp-content\/uploads\/2019\/10\/IMG-20191022-WA0010-e1571768412768-75x50.jpg\" data-thumbTooltip=\"\" data-scaleUp=\"\" data-href=\"\" data-width=\"\" data-height=\"\" data-flashHasPriority=\"\" data-poster=\"\" data-autoplay=\"\" data-audiotitle=\"\" data-html=\"\" href=\"https:\/\/tecnovip.com\/wp-content\/uploads\/2019\/10\/IMG-20191022-WA0010-e1571768412768.jpg\" ><img decoding=\"async\" src=\"https:\/\/tecnovip.com\/wp-content\/uploads\/2019\/10\/IMG-20191022-WA0010-e1571768412768-480x480.jpg\" alt=\"Analisador de Gases Tambores Combust\u00e3o Madur Tecnovip\" class=\"\" \/><\/a>\n\t\t\t<div class=\"lighbox-description hidden\" id=\"lightbox-200283-description\">\n\t\t\t\t<strong>Parceria Tecnovip &#038; Madur<\/strong><br>\n\t\t\t\t\n\t\t\t<\/div>\t\t\t\t<span class=\"format-icon icon-pencil\"><\/span>\n\n\t\t\t\n\t<\/figure> \n\t\n\n\t<div class=\"date\">22 de outubro de 2019<\/div> \n\t<div class=\"text entry-content\">\n\n\t\t<!-- blog headline-->\n\t\t<h2 class=\"entry-title\"><a href=\"https:\/\/tecnovip.com\/?p=3829\" rel=\"bookmark\">Parceria Tecnovip &#038; Madur<\/a><\/h2> \n\t\t\t\n\n\t\t<p>A Tecnovip e a empresa polonesa Madur s\u00e3o parceiros desde 2005, representando no Brasil a linha de analisadores de gases port\u00e1teis e fixos da marca. Recebemos a visita, no passado dia 21 de Outubro de 2019, para treinamento e conv\u00edvio, de modo a estreitar os la\u00e7os entre as duas empresas e delinear estrat\u00e9gias futuras.<\/p>\n\n\t\t\t\t<!-- meta data -->\n\t\t<div class=\"post_data\">\n\n\t\t\t\t\t\t<!-- user -->\n\t\t\t<span class=\"icon-user user margin-right20\"><a href=\"https:\/\/tecnovip.com\/?author=1\" title=\"Posts de tecnovip1020\" rel=\"author\">tecnovip1020<\/a><\/span>\n\t\t\t\n\t\t\t\t\t\t<!-- categories -->\n\t\t\t<span class=\"icon-flow-cascade categories\"><a href=\"https:\/\/tecnovip.com\/?cat=1\" rel=\"category\">Not\u00edcias<\/a><\/span>\n\t\t\t\n\t\t\t\n\t\t\t\n\t\t<\/div><!-- \/ end div  .post_data -->\n\t\n\t<\/div> \n\n<\/article> \n<!-- \/ blog box-->\n<\/div>\n<div class=\"col col-sm-4\">\n \n\n<!-- blog box-->\n<article class=\"loop post-3141 post type-post status-publish format-standard has-post-thumbnail hentry category-noticias\" id=\"post-3141\">\n\t\t\n\t\n\t\n\t<figure class=\"featured_image featured_media\">\n\n\t\t\n\t\t\t\t<a id=\"lightbox-968453\" class=\"imgeffect zoom lightbox_ featured_image\" data-group=\"image_3765\" title=\"Enlarge Image\" data-title=\"Calibra\u00e7\u00e3o de Gases, em busca da Acredita\u00e7\u00e3o RBC\" data-sub-html=\"#lightbox-968453-description\" data-thumbnail=\"https:\/\/tecnovip.com\/wp-content\/uploads\/2019\/05\/20190926_1037292-75x50.jpg\" data-thumbTooltip=\"\" data-scaleUp=\"\" data-href=\"\" data-width=\"\" data-height=\"\" data-flashHasPriority=\"\" data-poster=\"\" data-autoplay=\"\" data-audiotitle=\"\" data-html=\"\" href=\"https:\/\/tecnovip.com\/wp-content\/uploads\/2019\/05\/20190926_1037292.jpg\" ><img decoding=\"async\" src=\"https:\/\/tecnovip.com\/wp-content\/uploads\/2019\/05\/20190926_1037292-480x480.jpg\" alt=\"Calibra\u00e7\u00e3o Gases Tecnovip Detector Gas\" class=\"\" \/><\/a>\n\t\t\t<div class=\"lighbox-description hidden\" id=\"lightbox-968453-description\">\n\t\t\t\t<strong>Calibra\u00e7\u00e3o de Gases, em busca da Acredita\u00e7\u00e3o RBC<\/strong><br>\n\t\t\t\t\n\t\t\t<\/div>\t\t\t\t<span class=\"format-icon icon-pencil\"><\/span>\n\n\t\t\t\n\t<\/figure> \n\t\n\n\t<div class=\"date\">20 de setembro de 2019<\/div> \n\t<div class=\"text entry-content\">\n\n\t\t<!-- blog headline-->\n\t\t<h2 class=\"entry-title\"><a href=\"https:\/\/tecnovip.com\/?p=3141\" rel=\"bookmark\">Calibra\u00e7\u00e3o de Gases, em busca da Acredita\u00e7\u00e3o RBC<\/a><\/h2> \n\t\t\t\n\n\t\t<p>Ao longo dos anos a TECNOVIP t\u00eam vindo a desenvolver os seus servi\u00e7os de calibra\u00e7\u00e3o para ir ao encontro das demandas dos seus clientes. Sendo j\u00e1 uma empresa Acreditada RBC para temperatura e umidade relativa, estamos focados no momento para conseguir a acredita\u00e7\u00e3o RBC do par\u00e2metro de gases.<\/p>\n\n\t\t\t\t<!-- meta data -->\n\t\t<div class=\"post_data\">\n\n\t\t\t\t\t\t<!-- user -->\n\t\t\t<span class=\"icon-user user margin-right20\"><a href=\"https:\/\/tecnovip.com\/?author=1\" title=\"Posts de tecnovip1020\" rel=\"author\">tecnovip1020<\/a><\/span>\n\t\t\t\n\t\t\t\t\t\t<!-- categories -->\n\t\t\t<span class=\"icon-flow-cascade categories\"><a href=\"https:\/\/tecnovip.com\/?cat=1\" rel=\"category\">Not\u00edcias<\/a><\/span>\n\t\t\t\n\t\t\t\n\t\t\t\n\t\t<\/div><!-- \/ end div  .post_data -->\n\t\n\t<\/div> \n\n<\/article> \n<!-- \/ blog box-->\n<\/div>\n<\/div>\n<\/div>\n<div class=\"paging_wrapper margin-t30 margin-b30\"><ul class='page-numbers'>\n\t<li><span aria-current=\"page\" class=\"page-numbers current\">1<\/span><\/li>\n\t<li><a class=\"page-numbers\" href=\"https:\/\/tecnovip.com\/index.php\/?paged=2&#038;rest_route=%2Fwp%2Fv2%2Fpages%2F2522\">2<\/a><\/li>\n\t<li><a class=\"next page-numbers\" href=\"https:\/\/tecnovip.com\/index.php\/?paged=2&#038;rest_route=%2Fwp%2Fv2%2Fpages%2F2522\"><span class=\"icon-angle-right\"><\/span><\/a><\/li>\n<\/ul>\n<\/div>[\/vc_column][\/vc_row]<\/p>\n","protected":false},"excerpt":{"rendered":"<p>[vc_row rt_row_background_width=&#8221;default&#8221; rt_row_content_width=&#8221;default&#8221; rt_row_style=&#8221;default-style&#8221; rt_row_borders=&#8221;&#8221; rt_overlap=&#8221;true&#8221; rt_grid=&#8221;&#8221; rt_row_paddings=&#8221;true&#8221; rt_bg_effect=&#8221;classic&#8221; rt_bg_parallax_effect=&#8221;1&#8243; rt_bg_image_repeat=&#8221;repeat&#8221; rt_bg_size=&#8221;cover&#8221; rt_bg_position=&#8221;right top&#8221; rt_bg_attachment=&#8221;scroll&#8221;][vc_column width=&#8221;1\/1&#8243;][\/vc_column][\/vc_row]<\/p>\n","protected":false},"author":1,"featured_media":0,"parent":0,"menu_order":0,"comment_status":"open","ping_status":"open","template":"","meta":{"footnotes":""},"class_list":["post-2522","page","type-page","status-publish","hentry"],"_links":{"self":[{"href":"https:\/\/tecnovip.com\/index.php?rest_route=\/wp\/v2\/pages\/2522","targetHints":{"allow":["GET"]}}],"collection":[{"href":"https:\/\/tecnovip.com\/index.php?rest_route=\/wp\/v2\/pages"}],"about":[{"href":"https:\/\/tecnovip.com\/index.php?rest_route=\/wp\/v2\/types\/page"}],"author":[{"embeddable":true,"href":"https:\/\/tecnovip.com\/index.php?rest_route=\/wp\/v2\/users\/1"}],"replies":[{"embeddable":true,"href":"https:\/\/tecnovip.com\/index.php?rest_route=%2Fwp%2Fv2%2Fcomments&post=2522"}],"version-history":[{"count":1,"href":"https:\/\/tecnovip.com\/index.php?rest_route=\/wp\/v2\/pages\/2522\/revisions"}],"predecessor-version":[{"id":3116,"href":"https:\/\/tecnovip.com\/index.php?rest_route=\/wp\/v2\/pages\/2522\/revisions\/3116"}],"wp:attachment":[{"href":"https:\/\/tecnovip.com\/index.php?rest_route=%2Fwp%2Fv2%2Fmedia&parent=2522"}],"curies":[{"name":"wp","href":"https:\/\/api.w.org\/{rel}","templated":true}]}}